11 + 2229. Suppose -3*i = 2*i - 4*u - 694, 5*i + 5*u = 685. Calculate the remainder when i is divided by w.
12
Suppose -n + 2*w = -230, 4*n - 4*w - 149 - 747 = 0. Calculate the remainder when 456 is divided by n.
20
Suppose -240 = -3*z - 0*z. Let p = -69 + 212. Let i = p - z. Calculate the remainder when i is divided by 11.
8
Calculate the remainder when (-2 - 32/8)*6/((-108)/1101) is divided by 127.
113
Suppose 31719 = 150*g - 25581. Calculate the remainder when g is divided by 15.
7
Suppose 0 = 4*a - 4, -2*a = -o + 70 + 18. Let r = -71 + o. What is the remainder when 31 is divided by r?
12
Let a = 51 - 129. Let n = 84 + a. Calculate the remainder when 5/(70/1124) + n/(-21) is divided by 28.
24
Suppose -510*m - 1205 = -515*m. Let f = m + -186. What is the remainder when 58 is divided by f?
3
Suppose d - 3 = 5*i + 20, 0 = 3*d + 5*i - 29. Let x(l) = l**3 - 15*l**2 + 29*l. Calculate the remainder when 115 is divided by x(d).
37
Calculate the remainder when -131*((0 - 4) + 3) is divided by 5/(25/2) - 1080/(-50).
21
Let l be 576/15 + 0 - (-2)/(-5). Calculate the remainder when 6*4/16*l is divided by 31.
26
What is the remainder when (-5)/(-70)*8 + (-420)/49*-97 is divided by 296?
240
Let s(a) = -a**3 - 14*a**2 + 16*a + 36. Let n be s(-15). Calculate the remainder when 37 is divided by 1072/28 - 9 - 6/n.
8
Let z = 4287 - 4219. Calculate the remainder when 124 is divided by z.
56
Let s(l) = -l**3 - 13*l**2 - 14*l - 18. Let t be s(-12). Suppose t*d - 470 = 196. Suppose 3*i - 60 = d. Calculate the remainder when i is divided by 20.
17
Let n be (9/(-6))/((-1)/(-10)). Let t(f) = 1 - 19 + 2*f + 3*f - 7*f. What is the remainder when 31 is divided by t(n)?
7
Suppose 12*j = 28*j - 6368. Suppose -j*n + 409*n - 187 = 0. Calculate the remainder when n is divided by 15.
2
Calculate the remainder when 263 is divided by (-2)/((836/(-2046))/19).
77
Let o be -3*1*(-4)/6. Suppose 0 = -5*j - 2*g + 60, -o*j + j - 3*g = -25. What is the remainder when 12/(-5)*18/54*(-38 - -3) - 10 is divided by j?
8
Suppose -3*n - 14 - 27 = -5*k, 0 = -3*k + n + 23. Suppose 0 = k*m + 10 - 3. What is the remainder when ((-6)/4)/(m/34) is divided by 18?
15
Suppose 34*w + 112*w - 5552 = 6274. Let f = -2 + 16. What is the remainder when w is divided by f?
11
Suppose 6*q + 4*y - 172 = 8*q, -1 = -y. Let o = 491 + q. Calculate the remainder when o is divided by 17.
16
Suppose -b + 596 = 137*h - 134*h, 10*h - b = 1965. Calculate the remainder when 13196 is divided by h.
194
Let c be 3 + -3 - (-1 + -1). Let i(s) = 45*s**3 - 181*s**2 + 8*s - 10. Let l be i(4). Calculate the remainder when 15 is divided by 50/l - c/6.
7
Let n = -39295 + 39453. What is the remainder when n is divided by (-27)/(-2)*(-1 + 3)?
23
Let i(o) = 32*o**2 + 15*o - 11. Calculate the remainder when i(-3) is divided by 37.
10
Suppose 2*v + 2*s = 6584, -57*v + 62*v + 3*s - 16468 = 0. What is the remainder when v is divided by 1647?
2
Suppose 13198 = -50*a - 4402. Let p = -346 - a. Calculate the remainder when 153 is divided by p.
3
Let h = 552 + -310. Let s = h + -217. What is the remainder when 142 is divided by s?
17
Let o(v) = -5*v - 5. Let h(k) = 20*k**2 - 32*k - 7. Let q be h(-7). Suppose 56*s - 1771 = q. Calculate the remainder when s is divided by o(-4).
8
Suppose 41 + 46 = 3*m. Suppose -133 + m = -2*k. Calculate the remainder when k is divided by 11.
8
Let z = -393 - -713. Let h = -290 + z. Calculate the remainder when h is divided by 3.
0
Let r(k) = -6*k + 97. Let t be r(-6). Let a = 141 - t. Calculate the remainder when 36 is divided by a.
4
Let y = -310 + 308. What is the remainder when 64/(-8) + 5 + (y - -52) is divided by 18?
11
Let u be 40/25 - 6/(-15). What is the remainder when (0 - u - -21)/(2/4) is divided by ((3 - 10) + 0)/(2/(-4))?
10
Let n(l) = l**3 - 31*l**2 - 33*l + 38. Let i be n(32). Let g(h) = 14*h - 48. Calculate the remainder when 52 is divided by g(i).
16
Let c(j) = -31*j - 749. Calculate the remainder when c(-29) is divided by 103.
47
Let o(r) = -r**2 - 21*r + 4273. Calculate the remainder when o(49) is divided by 41.
23
Suppose -792*m + 409*m - 308 = -405*m. What is the remainder when 525 is divided by m?
7
Suppose -13*y + 30 = -10*y. Let t = 14 - -1. Suppose -90 = -5*k - t. Calculate the remainder when k is divided by y.
5
Suppose 0 = 5*o - 3*k - 736 + 4, -436 = -3*o + k. What is the remainder when o is divided by 10?
4
Let f = -2906 - -2946. Calculate the remainder when 168 is divided by f.
8
Suppose 0 = 2*y - y - 4. Calculate the remainder when (-119 - (-1 + -2))/(2 - y) is divided by 15.
13
Let j(p) = 11*p - 15. Let b be j(7). Let f = 109 - b. What is the remainder when f is divided by 27?
20
Let b(v) = -55*v + 3497. What is the remainder when b(32) is divided by 109?
102
Suppose -22*y = -19*y + 12, 0 = 5*v - y - 349. What is the remainder when 113 is divided by v?
44
Let l = -21302 + 28845. What is the remainder when l is divided by 184?
183
What is the remainder when 150 is divided by (40/(-30))/((-350)/345 - -1)?
58
Let b(l) = 2*l**2 - 4*l + 5. Let q be b(5). Let g = q - -33. Suppose -14*f - 34*f - 9*f + 1995 = 0. Calculate the remainder when g is divided by f.
33
Suppose -828*x + 11844 = -170*x. What is the remainder when 6440 is divided by x?
14
Let p(f) = 7*f - 41. Let d be p(7). Suppose 0 = d*a - 7*a - 65. What is the remainder when a is divided by 11?
10
Let b be 36/15 + -2 + 18783/(-45). Let i = b - -854. What is the remainder when i is divided by 20?
17
Let h = -3812 + 3829. Suppose -3*u + 52 = -u. What is the remainder when h is divided by u/8 - (-3)/(-12)?
2
Let v = 36633 + -35990. What is the remainder when v is divided by 17?
14
Suppose 123291 = -39*l + 96*l. Calculate the remainder when l is divided by 197.
193
Let r = 0 + 0. Suppose 3*d - 8*d + 120 = r. Suppose 3*i - 8525*f = -8527*f + 33, 2*f + 7 = 5*i. What is the remainder when d is divided by i?
4
Let c(i) = i**2 - 2*i - 13. Suppose -5*k + 5*v - 1 = -16, -5*k + 2*v = -21. Let t be c(k). Calculate the remainder when 12 is divided by -1 + 1 + 14/t.
5
Let q = 11634 + -11252. What is the remainder when 1495 is divided by q?
349
Suppose -2*q = -4*c - 4482, 0 = 108*q - 107*q - 5*c - 2229. What is the remainder when q is divided by 27?
8
Let u(f) = 4*f + 4. Let r(l) = -25*l + 4*l**2 - 11 - 5*l**2 + 12 + 4. Let b be r(-25). What is the remainder when 83 is divided by u(b)?
11
Suppose 36*j - 29*j = 385. Suppose -w + 23 = 3*o, 3*w + 6*o - 4*o = j. What is the remainder when 200 is divided by w?
13
Calculate the remainder when (-1)/(-11)*11*(1*1340)/4 is divided by 14.
13
Let o(x) = 813*x + 5765. Calculate the remainder when 1627 is divided by o(-7).
73
Calculate the remainder when (-20453)/(-17) + (-12 - (-6 + (-200)/34)) is divided by 294.
27
Suppose 9*j - 4*j - 2*r = -18, -2*j - 11 = 3*r. Let o = j + 40. Calculate the remainder when 172 is divided by o.
28
Let a(f) = 14*f + 11 - 6 + 10. What is the remainder when 134 is divided by a(0)?
14
Let z be (-122)/(-8)*(-364)/(-13). Suppose 299 = 3*f - z. Suppose -f = -6*v + 28. What is the remainder when v is divided by 23?
22
Let x = -85 + 134. Suppose 36*i - 22 = 2094 + 1304. What is the remainder when i is divided by x?
46
Let m = 0 - -6. Suppose -3*s + 0*s + m = 0. Suppose 4*n - 32 = r - s*r, 0 = n + 5*r - 27. What is the remainder when 26 is divided by n?
5
Let t = 24 - 10. Suppose 3*d - 123 = -4*y, d - 9 = -4*y + 32. Let b = d - 19. Calculate the remainder when b is divided by t.
8
Let c(v) = v**2 - 11*v + 14. Let q be c(10). Suppose 0 = -q*l - 2*b + 20, 0 = 5*l - 0*l - 2*b - 34. What is the remainder when (-1)/3*(-27 + l) is divided by 1?
0
Suppose 0 = 2*k - 3365 - 1787. Calculate the remainder when k is divided by 855.
11
Suppose -2290 + 2430 = 5*r. What is the remainder when 500 is divided by r?
24
Suppose 3*k - 2*d = k + 236, 2*k - 4*d - 234 = 0. Suppose 48*a + k = 55*a. Calculate the remainder when 63 is divided by a.
12
Let z = -379 - -447. Calculate the remainder when 5148/20 + 18/(-45) is divided by z.
53
Suppose 0 = -3*n - 5*n - 840. Let m = 190 + n. Calculate the remainder when m is divided by 23.
16
Suppose -45*h + 1553 = 203. Calculate the remainder when 53 is divided by h.
23
Let d be (4/(-10))/((-10)/25). Let c be d*(-1 - 0) - -4. What is the remainder when 13 + 0/(